1 + (14 - -2) - (164 - 162)?
13
What is the value of -2 - -8 - (12 - 1 - (5 + -12))?
-12
(28 - 49) + 5 + -4 + 9
-11
24 - (-1 + 26 + -18)
17
What is the value of (20 + -8 - 16 - (-5 + -4)) + -1?
4
What is the value of 5 + 4 + (2 - (-4 - -10))?
5
Calculate (5 - 8 - 6) + 25 - (-2 - -5).
13
(11 - (-1 + 7)) + 8 + -5 + 2
10
(-6 - (-28 - 3)) + -18
7
What is the value of -1 + 6 + (-247 - -263)?
21
Calculate 1 + -3 + 6 + (4 - 8 - -2).
2
What is -12 + (8 - 4 - -13)?
5
What is 0 - 7 - (22 + -17 - -10)?
-22
What is the value of ((10 - 48) + 2 - -12) + (0 - -7)?
-17
What is -8 + (11 - (-6 + 5 + 6))?
-2
What is the value of 27 + 7 + -3 + -2 + -10?
19
What is the value of (-7 - (1 - 28)) + -5 - 4?
11
25 - (10 + (9 - -1))
5
What is 4 + -12 - (-2 + 1 + -3 - 5)?
1
What is the value of -87 + 100 + (-1 - 18)?
-6
What is -29 + 13 + 26 + 2?
12
Calculate -22 - -31 - ((-1 - 4) + (-7 - -14)).
7
58 + -55 + -22 + (1 - -15)
-3
What is (-21 - -29) + -9 + -3?
-4
What is the value of 21 - (20 + -10 - 2)?
13
Evaluate 1 + -8 - (-25 + 23) - -18.
13
Calculate 2 + (13 - 1) + -37 + 81 + -43.
15
What is (10 - -8) + -24 + 3?
-3
Evaluate (11 - 51 - -26) + 21.
7
What is the value of 2 + (-4 + 10 - -2 - (4 + -1))?
7
Calculate 7 + -4 + 1 + -2 + 3.
5
-15 - ((3 - 11) + 3)
-10
Calculate -3 + -1 - -6 - -4 - (0 + -14).
20
Evaluate 23 + (-9 + 9 - 9) - 7.
7
Calculate -100 + 108 - (-1 + -4).
13
Evaluate 6 + (13 - 3) + -4 + -12.
0
Calculate -5 + 10 + 4 + (-2 - -4) + 0.
11
Evaluate -1 - (-3 - (-1 + -5) - (7 - 6)).
-3
25 - 27 - (-4 + -1) - (-5 + 20)
-12
Calculate (-8 - -1) + -866 + 865.
-8
What is (-1 - -9) + -2 - ((-16 - -24) + -4)?
2
What is the value of -2 - (-15 - -4 - -16) - (1 + -5)?
-3
-10 - 0 - -4 - (-5 + -19)
18
Evaluate (-2 - -2) + (41 - 32) + -8.
1
-26 - -26 - (-1 + 0) - (-22 + 14)
9
What is 0 + 33 - (181 + -127)?
-21
Evaluate 0 + -9 + -18 + 10.
-17
What is the value of -14 + (-1 - -3) + -6?
-18
Calculate -2 - 5 - (-114 - -98).
9
What is 2 - -10 - (23 - (-4 - (16 - 9)))?
-22
What is the value of -9 + 15 + 16 + -9?
13
What is the value of 37 + (1 - 5) + -23?
10
What is the value of 5 - ((4 - -21) + -1)?
-19
(0 + 1 - (19 + 3 + -12)) + 9
0
What is the value of -7 + 8 + -1 + (6 - (13 - 9))?
2
Evaluate 26 + (5 - 26) + 9.
14
What is the value of -19 - -17 - (-16 - -1)?
13
What is the value of -8 + -3 + 18 + -10?
-3
What is the value of (-1 - 1) + -139 + 132?
-9
(-11 - (-7 + 10 + 5)) + 1
-18
What is -6 + 4 + 0 + (10 - 8) + -1?
-1
(3 - (-20 + (4 - -5))) + -12
2
Calculate -3 - (-5 + 2 - 0 - (-370 + 359)).
-11
What is -19 + 6 + 11 + (-15 - -2)?
-15
What is 26 + 5 + (-8 - -3) + -7?
19
Calculate ((-6 - -17) + -2 - (31 + -14)) + 11.
3
-19 - (8 + -8 + -9)
-10
What is the value of 4 + -20 + (-30 - -3 - -33)?
-10
(-41 - -22) + 20 + (-2 - -13 - 1)
11
What is the value of (4 + (-12 - -1) - 11) + 8?
-10
Evaluate 25 - (35 - 20) - 0 - (1 + 1).
8
What is -216 + 197 + (0 - -26) - (0 - 1)?
8
What is (-25 - 3) + -26 + 42?
-12
Calculate -115 + 90 + 2 + 23.
0
36 - 29 - (0 + 13) - 4
-10
What is -15 + (19 - (7 - 20))?
17
What is (-2 - 5 - 1) + (-4 - -2) + 2?
-8
(-7 - (-6 + -9)) + 1
9
Calculate (-1 - -12 - (4 + 3)) + -20.
-16
What is -9 - ((-27 - -20) + -9)?
7
Calculate 28 - (23 - (-35 + 33)).
3
What is the value of (-2 - -1 - 21) + (-3 - (-10 + 2))?
-17
What is the value of -6 - ((-11 + 6 - 8) + 15)?
-8
What is the value of 24 + 8 + -77 - -32?
-13
What is -16 + -3 + (28 - 13) - (-1 + -1)?
-2
Calculate -10 - ((-7 - (1 - 8)) + 7).
-17
What is 207 + -145 + -35 + 1?
28
What is the value of 5 + 8 - (45 - 14)?
-18
What is -48 - (-61 + 25 + 14)?
-26
What is (-15 - -9) + (-2 - (-31 - -9))?
14
5 - (-9 - -5) - (3 + -1)
7
Evaluate 5 + 0 + -8 + -19 + 14.
-8
(19 - (0 + 6)) + (5 - 10 - 4)
4
What is -1 - ((-11 - -25) + -3)?
-12
Calculate 16 - 1 - 10 - 14.
-9
-25 + 0 + (-124 - -151)
2
4 + -13 + (-7 + -7 - (-2 - 2))
-19
Evaluate 12 + (-4 - -6) + -7 + -3.
4
Calculate -3 - ((22 - 0) + (-41 - -18 - -20)).
-22
Calculate -1 + (11 - 18) + 13.
5
What is 2 + (3 - 8) + 0 - (0 - -1)?
-4
What is -23 + (-8 + 0 - (57 - 55)) + 9?
-24
Calculate -31 - (-16 + (5 - (-1 + -9))).
-30
What is the value of -15 - ((-1 - 0) + (1 - 14 - -7))?
-8
Calculate 6 - (29 + 0 + (19 - 5 - 14)).
-23
What is the value of 31 - (9 - -23) - ((3 - 4) + 24)?
-24
-35 - ((-24 - -28) + -42)
3
What is 13 + (7 + -28 - -25)?
17
What is -19 + -28 + 36 + 38?
27
What is the value of -70 + 59 - (1 + -1) - (2 + 0)?
-13
-1 - 0 - (-16 - (-2 - 14))
-1
Evaluate (8 - (-11 + 0)) + -14.
5
Evaluate -17 + 5 - (5 - 4 - 9).
-4
Calculate 29 + -27 + -9 + (17 - -1).
11
Evaluate 1 - -10 - ((3 - (8 - 5)) + -5).
16
What is -9 - ((1 - 10) + 4)?
-4
Evaluate 10 + (-2 - -3) + (3 - 10) + 6.
10
Calculate 15 - (26 - 17) - 23.
-17
Evaluate 6 - ((34 - 1) + -42 + 32).
-17
Evaluate 2 + -2 + 4 + -15 + 34 + -34.
-11
What is 1 + 14 + 428 + -433?
10
-8 + (29 - (3 - -2) - -4) - 3
17
Evaluate 1 + -7 + (-4 - -18) + -7.
1
What is the value of (4 - 9) + 43 + (-8 - 10)?
20
What is the value of 4 - (-11 + 29) - -18?
4
What is (1 - (2 + (9 - 3))) + -68 + 71?
-4
Evaluate -152 + 136 - (1 - 16).
-1
What is -3 - ((-5 + 3 - -12) + -8)?
-5
What is -9 - (-26 + 28 + -7)?
-4
21 + 20 + -21 + -7
13
6 + (-19 + -3 - 2) + 1 + 4
-13
What is the value of (-4 - -5 - -10 - 6) + -19?
-14
What is the value of -80 + 47 - -1 - -24?
-8
-4 + 0 + (11 - 9) + -10
-12
Evaluate 7 - (0 + 2 + -7 - -16) - -8.
4
Evaluate -22 + (6 - 14 - (-1 - 14)).
-15
What is 4 - -1 - (-1 - -5 - (-7 + 3))?
-3
What is -3 + 5 + 7 + -6 + 17?
20
Calculate 13 + (20 - (35 + -34)).
32
Evaluate -24 + 30 + (-3 - -15) + -1.
17
Evaluate 27 + -2 + -5 + -17 + 11.
14
What is the value of 58 + -8 + -80 - (0 + 9)?
-39
Calculate (13 - 18) + (20 - 3).
12
1 - (9 - (1 + -20 + 87 + -86))
-26
Evaluate -31 + 20 - (-9 + 10 + -1 + -3).
-8
What is -1 - (-3 - (0 + -2 + -4 + 4))?
0
What is the value of 195 + -203 - (1 - -6)?
-15
-23 - (-44 + 20 - 5)
6
What is the value of 2 + 12 + (-23 - (-1 + -12))?
4
What is the value of -5 + 33 + -33 + 11?
6
Calculate -4 - ((5 - 13) + 2 + 3 - 2).
1
Calculate -7 - (18 - 48 - -6).
17
Evaluate 17 - 33 - (-39 + 29).
-6
What is the value of -8 + 7 + 4 + -7 + -1 + -9?
-14
What is the value of 12 + (21 - 24) - -1?
10
What is -1 + 17 + (36 - 35) + -46?
-29
3 - (0 + 6 + 4)
-7
Calculate (4 - 2) + -10 + -55 + 29 + 36.
2
What is the value of 51 + -23 + -16 + 9 + 17?
38
What is the value of 10 - (10 - -4) - (-3 - (1 - 2))?
-2
Calculate -390 + 405 + (1 - 11).
5
Calculate 182 - 209 - (-32 + -1).
6
3 + -4 + -15 + -53 + 54
-15
Calculate 1 + (2 - -29 - 16 - (7 - -1)).
8
Evaluate -7 - 1 - (16 + -17) - (-8 + 3).
-2
What is the value of 1 - -1 - (-9 - ((-8 - 2) + 7))?
8
Evaluate -9 - (-3 + 8) - -14.
0
What is the value of 22 - 31 - 1 - (-29 - (0 + -3))?
16
7 - (-1 + 3 + -2 + 18)
-11
-17 + (-8 - (-9 - -13)) + 15 + 0
-14
Calculate 11 + -12 + 9 - (-2 + -2).
12
What is -9 - (5 + 2 + (-26 - (9 - 13)))?
6
What is the value of 17 + (13 - (13 + -1)) - (-2 - -9)?
11
Evaluate -39 + 16 - -7 - -4.
-12
Calculate 0 + 5 + (16 - 11).
10
Calculate 28 - (25 + -11 + 3).
11
What is the value of ((6 - 3) + (4 - 4) - 23) + 5?
-15
7 + -17 + 9 - (5 - 6 - 1)
1
What is the value of 13 - (-4 + (9 - -7))?
1
Evaluate (7 - 8 - 13) + 29.
15
Calculate 149 + -152 + 0 + 2.
-1
Evaluate -2 + -13 + -1 + (723 - 724).
-17
What is the value of (-34 - -38) + -17 + 1?
-12
What is 23 - (11 - 1 - (-5 - -10) - -3)?
15
Evaluate (-5 - (-4 - 1) - (-10 + 5)) + 7.
12
(-164 - -166) + (18 + 0 - 1) - -1
20
Evaluate (96 - 84) + (-27 - -3).
-12
18 + 1 + -1 - (20 - 25)
23
Evaluate -9 + 19 + 4 - (3 + -20).
31
What is (-7 - (6 - (10 + 6))) + -1?
2
What is 26 - (1 + (64 - 65) + (1 - 11))?
36
(0 - (0 - 5)) + -5 + -1
-1
What is the value of 3 + (-15 + -6 + 12 - 7)?
-13
What is (615 - 621) + (1 - (1 - 4))?
-2
What is the value of 120 + -131 - (4 + -32)?
17
Evaluate 2 + -6 + 2 + -4 + 18 - -7.
19
Calculate 1 + 28 - (-168 + 176).
21
What is the value of -706 + 709 - (23 + -1)?
-19
Calculate (-4 - -5) + ((2 - -2) + -7 - -15).
13
-18 - ((19 - 9) + -29)
1
Evaluate -45 - 2 - (-8 + (34 - 40)).
-33
What is the value of 14 - ((8 - 3) + (3 - -3) - 5)?
8
What is the value of 23 - (27 + (14 - (39 + -11)))?
10
62 + -81 - (-10 + -2)
-7
-30 - (2 + -12 + -5) - -50
35
3 - (-4 + 1 + 15 + -13)
4
Calculate (-19 - (18 + -21)) + 0.
-16
-5 - (-1 - 2) - (-11 + 9